1096252 and 212.
212
What is the greatest common divisor of 23 and 6554011?
23
Calculate the highest common divisor of 29142 and 10404.
18
What is the highest common divisor of 70707 and 518?
259
Calculate the highest common factor of 1224 and 24669.
9
Calculate the highest common divisor of 146 and 323682.
146
Calculate the greatest common divisor of 4704 and 52.
4
What is the highest common factor of 4623 and 3174?
69
What is the highest common factor of 1432 and 124763?
179
Calculate the highest common factor of 108 and 170964.
108
Calculate the highest common factor of 15 and 143940.
15
Calculate the highest common divisor of 773971 and 22.
11
Calculate the highest common divisor of 220 and 1220.
20
Calculate the highest common factor of 5886 and 32022.
54
Calculate the highest common factor of 72 and 232.
8
What is the highest common divisor of 1056 and 26532?
132
Calculate the greatest common divisor of 1254 and 104918.
418
Calculate the highest common divisor of 24 and 348696.
24
What is the greatest common divisor of 167952 and 48?
48
What is the highest common factor of 1216 and 1392?
16
What is the greatest common factor of 9129 and 68?
17
Calculate the greatest common factor of 90 and 144320.
10
What is the greatest common divisor of 844241 and 906?
151
Calculate the highest common divisor of 233620 and 30.
10
What is the greatest common divisor of 5476 and 148?
148
Calculate the greatest common factor of 420 and 4090212.
84
Calculate the greatest common factor of 23423 and 397.
397
What is the greatest common divisor of 52055 and 1160?
145
Calculate the greatest common divisor of 46 and 33534.
46
Calculate the greatest common divisor of 75209 and 1.
1
What is the highest common factor of 117436 and 1793?
11
Calculate the greatest common factor of 3603 and 24.
3
Calculate the greatest common factor of 88 and 11341.
11
Calculate the greatest common divisor of 1000 and 8375.
125
What is the highest common factor of 69 and 60191?
23
Calculate the highest common factor of 10989 and 888.
111
Calculate the highest common factor of 40 and 12930.
10
What is the greatest common divisor of 528 and 3047?
11
What is the highest common divisor of 540 and 4563?
27
Calculate the greatest common factor of 9899 and 4689.
521
Calculate the highest common factor of 344 and 256624.
344
What is the greatest common divisor of 32352 and 216?
24
Calculate the highest common factor of 154 and 6447.
7
What is the greatest common factor of 1224 and 2952?
72
What is the highest common factor of 50384 and 564?
188
What is the highest common divisor of 180 and 98955?
45
Calculate the highest common factor of 21941 and 1184.
37
What is the greatest common divisor of 33102 and 486?
54
Calculate the highest common factor of 956 and 3088597.
239
Calculate the highest common factor of 850 and 139774.
34
What is the highest common divisor of 277210 and 1767?
19
What is the greatest common factor of 20 and 313715?
5
Calculate the highest common factor of 454 and 6662.
2
Calculate the greatest common divisor of 66 and 50853.
33
Calculate the highest common factor of 60 and 70488.
12
What is the greatest common divisor of 195 and 29809?
13
What is the highest common factor of 33 and 3957?
3
Calculate the greatest common divisor of 959192 and 936.
104
What is the highest common factor of 165 and 88044?
33
What is the greatest common divisor of 1599 and 3939?
39
Calculate the greatest common factor of 16475 and 625.
25
Calculate the greatest common factor of 966 and 4578.
42
Calculate the highest common factor of 1543983 and 21.
21
Calculate the greatest common factor of 5068 and 82174.
362
Calculate the greatest common factor of 32984 and 1085.
217
What is the greatest common factor of 4698 and 16182?
522
What is the highest common factor of 2707831 and 1174?
587
What is the greatest common factor of 1892 and 19888?
44
Calculate the highest common divisor of 120 and 2964210.
30
What is the greatest common factor of 10483454 and 164?
82
Calculate the highest common factor of 3091 and 3653.
281
Calculate the greatest common divisor of 2076 and 1104.
12
Calculate the highest common factor of 240 and 85460.
20
What is the highest common factor of 209358 and 54?
54
What is the highest common factor of 22479 and 177?
177
Calculate the highest common divisor of 17125 and 875.
125
What is the greatest common divisor of 3 and 61654?
1
Calculate the greatest common divisor of 152 and 224504.
152
What is the highest common factor of 51 and 19363?
17
What is the highest common divisor of 622230 and 105?
105
What is the highest common divisor of 1995 and 166915?
665
Calculate the highest common factor of 440 and 22660.
220
Calculate the greatest common factor of 83214 and 1311.
69
What is the highest common factor of 952 and 1496?
136
What is the highest common factor of 39123 and 3381?
483
What is the highest common divisor of 37044 and 22086?
54
Calculate the highest common factor of 514976 and 95.
19
What is the greatest common divisor of 723023 and 21?
7
Calculate the greatest common factor of 42 and 101.
1
What is the greatest common divisor of 2070 and 15676110?
2070
Calculate the greatest common factor of 49188 and 72.
12
Calculate the greatest common divisor of 104075 and 115.
115
Calculate the highest common divisor of 1220 and 1760.
20
Calculate the highest common divisor of 148 and 161209.
37
Calculate the greatest common divisor of 12 and 235848.
12
What is the greatest common factor of 6426 and 375732?
378
What is the greatest common factor of 3523811 and 106?
53
What is the highest common divisor of 4825575 and 162?
81
What is the greatest common divisor of 125585 and 10?
5
What is the highest common factor of 616 and 73832?
88
What is the highest common factor of 84013 and 29?
29
What is the greatest common divisor of 6 and 158508?
6
Calculate the greatest common factor of 4 and 62282.
2
Calculate the greatest common factor of 637 and 56.
7
Calculate the highest common factor of 5910 and 42.
6
What is the greatest common divisor of 561 and 6477?
51
Calculate the greatest common divisor of 560 and 178892.
28
What is the greatest common divisor of 84095 and 385?
55
What is the highest common factor of 9058 and 56?
14
Calculate the highest common factor of 75 and 315315.
15
Calculate the highest common divisor of 11275 and 36982.
451
Calculate the greatest common factor of 105 and 4451370.
105
What is the greatest common factor of 126 and 210402?
18
What is the highest common factor of 458 and 620819?
229
Calculate the highest common divisor of 1088 and 315996.
68
What is the highest common factor of 68 and 32402?
34
Calculate the greatest common factor of 16055 and 260.
65
What is the greatest common divisor of 200 and 30550?
50
What is the greatest common divisor of 294 and 5622?
6
What is the greatest common divisor of 1720 and 473?
43
Calculate the highest common factor of 1865990 and 190.
190
Calculate the highest common divisor of 112910 and 938.
14
What is the greatest common factor of 39 and 111?
3
Calculate the greatest common factor of 85336 and 40.
8
Calculate the highest common factor of 4022935 and 35.
35
Calculate the greatest common divisor of 93 and 366.
3
What is the highest common factor of 51898 and 56?
14
What is the greatest common divisor of 264070 and 90?
10
Calculate the highest common factor of 19382 and 3454.
22
Calculate the greatest common factor of 113 and 52319.
113
Calculate the highest common divisor of 13 and 2670603.
13
Calculate the highest common divisor of 230 and 104006.
46
What is the greatest common factor of 3344 and 341?
11
What is the highest common factor of 800 and 8160?
160
What is the highest common divisor of 384 and 236268?
12
What is the highest common divisor of 92492 and 874?
38
What is the greatest common divisor of 130 and 993785?
65
Calculate the highest common factor of 3780 and 35560.
140
What is the greatest common factor of 34 and 2817325?
17
What is the greatest common divisor of 568072 and 119?
17
Calculate the greatest common factor of 316706 and 4394.
338
Calculate the highest common divisor of 3322 and 3652.
22
Calculate the greatest common divisor of 32551 and 43.
43
What is the highest common factor of 